{"id":746,"date":"2021-03-02T21:31:00","date_gmt":"2021-03-02T21:31:00","guid":{"rendered":"http:\/\/lesinvoltes.fr\/?page_id=746"},"modified":"2021-03-07T14:39:21","modified_gmt":"2021-03-07T14:39:21","slug":"la-petite-fabrique-des-saisons","status":"publish","type":"page","link":"http:\/\/lesinvoltes.fr\/?page_id=746","title":{"rendered":"La petite fabrique des saisons"},"content":{"rendered":"\n<p>Conte marionettico-musical destin\u00e9 au jeune public, \u00e0 partir de&nbsp;<strong>4&nbsp;<\/strong>ans.<\/p>\n\n\n\n<p>dur\u00e9e : environ 45 minutes<\/p>\n\n\n\n<p><strong>\u201cEn cor\u00e9alisation et avec le soutien du Th\u00e9\u00e2tre Expression 7 \u2013 Limoges (87)\u201d<\/strong><\/p>\n\n\n\n<p>Avec le soutien du Th\u00e9\u00e2tre &nbsp;Jeune Public La Marmaille, Limoges (87)<\/p>\n\n\n\n<figure class=\"wp-block-embed is-type-video is-provider-youtube wp-block-embed-youtube wp-embed-aspect-16-9 wp-has-aspect-ratio\"><div class=\"wp-block-embed__wrapper\">\n<span class=\"embed-youtube\" style=\"text-align:center; display: block;\"><iframe loading=\"lazy\" class=\"youtube-player\" width=\"760\" height=\"428\" src=\"https:\/\/www.youtube.com\/embed\/E0oQczgyNOQ?version=3&#038;rel=1&#038;showsearch=0&#038;showinfo=1&#038;iv_load_policy=1&#038;fs=1&#038;hl=fr-FR&#038;autohide=2&#038;wmode=transparent\" allowfullscreen=\"true\" style=\"border:0;\" sandbox=\"allow-scripts allow-same-origin allow-popups allow-presentation allow-popups-to-escape-sandbox\"><\/iframe><\/span>\n<\/div><\/figure>\n\n\n\n<h2 class=\"wp-block-heading\"><strong>L\u2019histoire<\/strong><\/h2>\n\n\n\n<p>Tout en haut du ciel, un nuage,<\/p>\n\n\n\n<p>tout en haut du nuage, une montagne,<\/p>\n\n\n\n<p>tout en haut de la montagne, une grande maison,<\/p>\n\n\n\n<p>tout en haut de la grande maison, l\u2019atelier de madame Holle&nbsp;<strong>.<\/strong><\/p>\n\n\n\n<p>L\u2019atelier o\u00f9, dans un soucis constant d\u2019\u00e9quilibre, afin d\u2019entretenir la vie sur terre<\/p>\n\n\n\n<p>Madame Holle fabrique le temps&nbsp;:<\/p>\n\n\n\n<p>Pluie, arc-en-ciel, nuage<\/p>\n\n\n\n<p>orage, tornade, soleil, neige<\/p>\n\n\n\n<p>Madame Holle fabrique et s\u2019amuse, et distribue avec parcimonie ce qui fait les<\/p>\n\n\n\n<p>saisons sur terre.<\/p>\n\n\n\n<p>Mais Madame Holle est seule.<\/p>\n\n\n\n<p>Alors un beau jour, elle sauve le jeune Ako des mains de la mort pour l\u2019emmener avec elle .<\/p>\n\n\n\n<p>Elle lui apprendra ses secrets de fabrication (le mobile arc en ciel, l\u2019\u00e9dredon \u00e0 neige \u2026) et le prot\u00e9gera du temps qui passe .<\/p>\n\n\n\n<p>Ako, voyant la terre au travers de la boule de Madame Holle est attir\u00e9 comme un papillon par la lueur de la jeune Mouna, et finira par retourner sur terre afin de vivre ses propres aventures. Mais il ne sera plus prot\u00e9g\u00e9 du temps qui passe d\u00e8s lors qu\u2019il quitte la maison de Madame Holle, et la mort le guette,<\/p>\n\n\n\n<p>revancharde et jalouse \u2026<\/p>\n\n\n\n<p><em><strong>Adaptation\/\u00e9criture\/mise en sc\u00e8ne\/sc\u00e9nographie\/manipulations et jeu &nbsp;:<\/strong><\/em><\/p>\n\n\n\n<p><em>Matthieu Bassahon et Mathilde Defromont<\/em><\/p>\n\n\n\n<p><em><strong>Regard ext\u00e9rieur bienveillant:<\/strong><\/em>&nbsp;<em>Gr\u00e9goire B\u00e9ranger<\/em><\/p>\n\n\n\n<p><em><strong>Cr\u00e9ation musicale\/ marionnettes&nbsp;:<\/strong>&nbsp;Matthieu Bassahon et Mathilde Defromont<\/em><\/p>\n\n\n\n<p><em><strong>Participation \u00e0 la cr\u00e9ation musicale<\/strong>: Amandine Goudouneix<\/em><\/p>\n\n\n\n<p><em><strong>Cr\u00e9ation lumi\u00e8res &nbsp;:<\/strong>&nbsp;Matthieu Bassahon<\/em><\/p>\n\n\n\n<p><em><strong>Cr\u00e9ation costumes&nbsp;:<\/strong>&nbsp;Mathilde Defromont<\/em><\/p>\n\n\n\n<p><em>La Petite Fabrique des Saisons<\/em>&nbsp;est librement inspir\u00e9e de Dame Holle, personnage principal d\u2019un conte \u00e9ponyme m\u00e9connu du grand public, et \u00e9crit par les Fr\u00e8res Grimm.<\/p>\n\n\n\n<p>Diff\u00e9rentes adaptations cin\u00e9matographiques, albums pour enfants, de bande-dessin\u00e9e et m\u00eame un parc d\u2019attraction \u00e9voquent \u00e0 travers le monde ce personnage fantastique qui fait la pluie et le beau temps sur la terre .<\/p>\n\n\n\n<p>C\u2019est avant tout une histoire qui fait r\u00eaver les enfants en m\u00ealant la r\u00e9alit\u00e9 du quotidien et la beaut\u00e9 des enchantements de Dame Holle . Elle nous permet \u00e9galement d\u2019aborder avec po\u00e9sie, l\u2019\u00e9quilibre naturel, le climat et les saisons, la vie et la mort, \u2026<\/p>\n\n\n\n<p><em>La Petite Fabrique des Saisons<\/em>&nbsp;est une invitation \u00e0 jouer avec le temps&nbsp;: le temps qu\u2019il fait comme le temps qui passe. Avec po\u00e9sie, humour et l\u00e9g\u00e8ret\u00e9, laissez nous vous raconter comment naissent les arcs-en-ciel ou comment tombe la neige.<\/p>\n\n\n\n<p><em>La Petite Fabrique des Saisons<\/em>&nbsp;a pour objectif d\u2019\u00eatre une forme techniquement autonome afin de pouvoir s\u2019adapter \u00e0 un maximum de lieux. Il pourra donc \u00eatre jou\u00e9 en th\u00e9\u00e2tre ou en \u00e9cole, salle polyvalente .<\/p>\n\n\n\n<p>Il est tout de m\u00eame pr\u00e9vu pour \u00eatre jou\u00e9 dans<strong>&nbsp;l\u2019obscurit\u00e9.<\/strong><\/p>\n\n\n\n<p>Le spectacle est destin\u00e9 au jeune public,&nbsp;<strong>\u00e0 partir de 4 ans<\/strong>.<\/p>\n\n\n\n<p>Il permettra d\u2019aborder avec douceur et bienveillance les th\u00e8mes des saisons,du climat et du r\u00f4le de chacun ,de la vie, de la mort, mais aussi de l\u2019amour, du r\u00eave\u2026<\/p>\n\n\n\n<p>Les enfants pourront \u00e9galement d\u00e9couvrir diff\u00e9rentes techniques de travail (th\u00e9\u00e2tre d\u2019ombres, manipulation d\u2019objets, th\u00e9\u00e2tre, marionnettes, musique) et rencontrer divers instruments (fl\u00fbte traversi\u00e8re, contrebasse, kalimba, \u2026)<\/p>\n\n\n\n<p>&nbsp;Tout ceci pourra \u00e9galement \u00eatre l\u2019occasion de divers ateliers p\u00e9dagogiques (fabrication de marionnettes, atelier \u00abma plan\u00e8te&nbsp; et moi\u00bb, cr\u00e9ation d\u2019un d\u00e9cor sonore, \u2026) .<\/p>\n\n\n\n<p>renseignements:&nbsp; contact@lesinvoltes.fr &nbsp; &nbsp; &nbsp; &nbsp; &nbsp; &nbsp; &nbsp; &nbsp; &nbsp; &nbsp; &nbsp; &nbsp; &nbsp; &nbsp;&nbsp;https:\/\/www.facebook.com\/lesinvoltes\/<\/p>\n","protected":false},"excerpt":{"rendered":"<p>Conte marionettico-musical destin\u00e9 au jeune public, \u00e0 partir de&nbsp;4&nbsp;ans. dur\u00e9e : environ 45 minutes \u201cEn cor\u00e9alisation et avec le soutien du Th\u00e9\u00e2tre Expression 7 \u2013 Limoges (87)\u201d Avec le soutien du Th\u00e9\u00e2tre &nbsp;Jeune Public La Marmaille, Limoges (87) L\u2019histoire Tout en haut du ciel,&#8230;<\/p>\n","protected":false},"author":1,"featured_media":0,"parent":0,"menu_order":0,"comment_status":"closed","ping_status":"closed","template":"","meta":{"jetpack_post_was_ever_published":false,"footnotes":""},"class_list":["post-746","page","type-page","status-publish","hentry"],"jetpack_sharing_enabled":true,"jetpack_shortlink":"https:\/\/wp.me\/P60pRf-c2","_links":{"self":[{"href":"http:\/\/lesinvoltes.fr\/index.php?rest_route=\/wp\/v2\/pages\/746","targetHints":{"allow":["GET"]}}],"collection":[{"href":"http:\/\/lesinvoltes.fr\/index.php?rest_route=\/wp\/v2\/pages"}],"about":[{"href":"http:\/\/lesinvoltes.fr\/index.php?rest_route=\/wp\/v2\/types\/page"}],"author":[{"embeddable":true,"href":"http:\/\/lesinvoltes.fr\/index.php?rest_route=\/wp\/v2\/users\/1"}],"replies":[{"embeddable":true,"href":"http:\/\/lesinvoltes.fr\/index.php?rest_route=%2Fwp%2Fv2%2Fcomments&post=746"}],"version-history":[{"count":3,"href":"http:\/\/lesinvoltes.fr\/index.php?rest_route=\/wp\/v2\/pages\/746\/revisions"}],"predecessor-version":[{"id":811,"href":"http:\/\/lesinvoltes.fr\/index.php?rest_route=\/wp\/v2\/pages\/746\/revisions\/811"}],"wp:attachment":[{"href":"http:\/\/lesinvoltes.fr\/index.php?rest_route=%2Fwp%2Fv2%2Fmedia&parent=746"}],"curies":[{"name":"wp","href":"https:\/\/api.w.org\/{rel}","templated":true}]}}

<p>Conte marionettico-musical destiné au jeune public, à partir de&nbsp;<strong>4&nbsp;</strong>ans.</p>



<p>durée : environ 45 minutes</p>



<p><strong>“En coréalisation et avec le soutien du Théâtre Expression 7 – Limoges (87)”</strong></p>



<p>Avec le soutien du Théâtre &nbsp;Jeune Public La Marmaille, Limoges (87)</p>



<figure class="wp-block-embed is-type-video is-provider-youtube wp-block-embed-youtube wp-embed-aspect-16-9 wp-has-aspect-ratio"><div class="wp-block-embed__wrapper">
<span class="embed-youtube" style="text-align:center; display: block;"><iframe loading="lazy" class="youtube-player" width="760" height="428" src="https://www.youtube.com/embed/E0oQczgyNOQ?version=3&#038;rel=1&#038;showsearch=0&#038;showinfo=1&#038;iv_load_policy=1&#038;fs=1&#038;hl=fr-FR&#038;autohide=2&#038;wmode=transparent" allowfullscreen="true" style="border:0;" sandbox="allow-scripts allow-same-origin allow-popups allow-presentation allow-popups-to-escape-sandbox"></iframe></span>
</div></figure>



<h2 class="wp-block-heading"><strong>L’histoire</strong></h2>



<p>Tout en haut du ciel, un nuage,</p>



<p>tout en haut du nuage, une montagne,</p>



<p>tout en haut de la montagne, une grande maison,</p>



<p>tout en haut de la grande maison, l’atelier de madame Holle&nbsp;<strong>.</strong></p>



<p>L’atelier où, dans un soucis constant d’équilibre, afin d’entretenir la vie sur terre</p>



<p>Madame Holle fabrique le temps&nbsp;:</p>



<p>Pluie, arc-en-ciel, nuage</p>



<p>orage, tornade, soleil, neige</p>



<p>Madame Holle fabrique et s’amuse, et distribue avec parcimonie ce qui fait les</p>



<p>saisons sur terre.</p>



<p>Mais Madame Holle est seule.</p>



<p>Alors un beau jour, elle sauve le jeune Ako des mains de la mort pour l’emmener avec elle .</p>



<p>Elle lui apprendra ses secrets de fabrication (le mobile arc en ciel, l’édredon à neige …) et le protégera du temps qui passe .</p>



<p>Ako, voyant la terre au travers de la boule de Madame Holle est attiré comme un papillon par la lueur de la jeune Mouna, et finira par retourner sur terre afin de vivre ses propres aventures. Mais il ne sera plus protégé du temps qui passe dès lors qu’il quitte la maison de Madame Holle, et la mort le guette,</p>



<p>revancharde et jalouse …</p>



<p><em><strong>Adaptation/écriture/mise en scène/scénographie/manipulations et jeu &nbsp;:</strong></em></p>



<p><em>Matthieu Bassahon et Mathilde Defromont</em></p>



<p><em><strong>Regard extérieur bienveillant:</strong></em>&nbsp;<em>Grégoire Béranger</em></p>



<p><em><strong>Création musicale/ marionnettes&nbsp;:</strong>&nbsp;Matthieu Bassahon et Mathilde Defromont</em></p>



<p><em><strong>Participation à la création musicale</strong>: Amandine Goudouneix</em></p>



<p><em><strong>Création lumières &nbsp;:</strong>&nbsp;Matthieu Bassahon</em></p>



<p><em><strong>Création costumes&nbsp;:</strong>&nbsp;Mathilde Defromont</em></p>



<p><em>La Petite Fabrique des Saisons</em>&nbsp;est librement inspirée de Dame Holle, personnage principal d’un conte éponyme méconnu du grand public, et écrit par les Frères Grimm.</p>



<p>Différentes adaptations cinématographiques, albums pour enfants, de bande-dessinée et même un parc d’attraction évoquent à travers le monde ce personnage fantastique qui fait la pluie et le beau temps sur la terre .</p>



<p>C’est avant tout une histoire qui fait rêver les enfants en mêlant la réalité du quotidien et la beauté des enchantements de Dame Holle . Elle nous permet également d’aborder avec poésie, l’équilibre naturel, le climat et les saisons, la vie et la mort, …</p>



<p><em>La Petite Fabrique des Saisons</em>&nbsp;est une invitation à jouer avec le temps&nbsp;: le temps qu’il fait comme le temps qui passe. Avec poésie, humour et légèreté, laissez nous vous raconter comment naissent les arcs-en-ciel ou comment tombe la neige.</p>



<p><em>La Petite Fabrique des Saisons</em>&nbsp;a pour objectif d’être une forme techniquement autonome afin de pouvoir s’adapter à un maximum de lieux. Il pourra donc être joué en théâtre ou en école, salle polyvalente .</p>



<p>Il est tout de même prévu pour être joué dans<strong>&nbsp;l’obscurité.</strong></p>



<p>Le spectacle est destiné au jeune public,&nbsp;<strong>à partir de 4 ans</strong>.</p>



<p>Il permettra d’aborder avec douceur et bienveillance les thèmes des saisons,du climat et du rôle de chacun ,de la vie, de la mort, mais aussi de l’amour, du rêve…</p>



<p>Les enfants pourront également découvrir différentes techniques de travail (théâtre d’ombres, manipulation d’objets, théâtre, marionnettes, musique) et rencontrer divers instruments (flûte traversière, contrebasse, kalimba, …)</p>



<p>&nbsp;Tout ceci pourra également être l’occasion de divers ateliers pédagogiques (fabrication de marionnettes, atelier «ma planète&nbsp; et moi», création d’un décor sonore, …) .</p>



<p>renseignements:&nbsp; contact@lesinvoltes.fr &nbsp; &nbsp; &nbsp; &nbsp; &nbsp; &nbsp; &nbsp; &nbsp; &nbsp; &nbsp; &nbsp; &nbsp; &nbsp; &nbsp;&nbsp;https://www.facebook.com/lesinvoltes/</p>

<p>Conte marionettico-musical destiné au jeune public, à partir de&nbsp;4&nbsp;ans. durée : environ 45 minutes “En coréalisation et avec le soutien du Théâtre Expression 7 – Limoges (87)” Avec le soutien du Théâtre &nbsp;Jeune Public La Marmaille, Limoges (87) L’histoire Tout en haut du ciel,&#8230;</p>
